hat are the prime factors of 22129?
22129
List the prime factors of 1817.
23, 79
What are the prime factors of 45927?
3, 7
What are the prime factors of 38851?
38851
List the prime factors of 1179.
3, 131
List the prime factors of 7130.
2, 5, 23, 31
What are the prime factors of 71362?
2, 31, 1151
List the prime factors of 1732.
2, 433
List the prime factors of 2613.
3, 13, 67
What are the prime factors of 82116?
2, 3, 2281
What are the prime factors of 367?
367
List the prime factors of 3139.
43, 73
List the prime factors of 237.
3, 79
What are the prime factors of 25171?
25171
List the prime factors of 66064.
2, 4129
List the prime factors of 7630.
2, 5, 7, 109
List the prime factors of 8903.
29, 307
List the prime factors of 1867.
1867
List the prime factors of 34586.
2, 17293
List the prime factors of 15574.
2, 13, 599
What are the prime factors of 1922?
2, 31
List the prime factors of 23560.
2, 5, 19, 31
List the prime factors of 3506.
2, 1753
What are the prime factors of 336?
2, 3, 7
List the prime factors of 4253.
4253
What are the prime factors of 38787?
3, 7, 1847
What are the prime factors of 71020?
2, 5, 53, 67
What are the prime factors of 606?
2, 3, 101
What are the prime factors of 1688?
2, 211
What are the prime factors of 33314?
2, 16657
What are the prime factors of 927?
3, 103
List the prime factors of 2140.
2, 5, 107
What are the prime factors of 575?
5, 23
What are the prime factors of 15193?
15193
List the prime factors of 34853.
7, 13, 383
List the prime factors of 43171.
23, 1877
What are the prime factors of 22173?
3, 19, 389
List the prime factors of 27702.
2, 3, 19
List the prime factors of 878.
2, 439
List the prime factors of 59881.
233, 257
List the prime factors of 86445.
3, 5, 17, 113
List the prime factors of 32081.
7, 4583
What are the prime factors of 16778?
2, 8389
What are the prime factors of 13364?
2, 13, 257
List the prime factors of 1157.
13, 89
List the prime factors of 911.
911
What are the prime factors of 2082?
2, 3, 347
List the prime factors of 7812.
2, 3, 7, 31
What are the prime factors of 1346?
2, 673
What are the prime factors of 1076?
2, 269
What are the prime factors of 4515?
3, 5, 7, 43
What are the prime factors of 8989?
89, 101
What are the prime factors of 477?
3, 53
What are the prime factors of 2042?
2, 1021
What are the prime factors of 18167?
37, 491
List the prime factors of 317.
317
List the prime factors of 1452.
2, 3, 11
List the prime factors of 908.
2, 227
What are the prime factors of 32499?
3, 23, 157
List the prime factors of 2047.
23, 89
What are the prime factors of 64721?
61, 1061
List the prime factors of 405.
3, 5
List the prime factors of 611.
13, 47
What are the prime factors of 1643?
31, 53
What are the prime factors of 29353?
149, 197
What are the prime factors of 16087?
16087
What are the prime factors of 430?
2, 5, 43
What are the prime factors of 131809?
89, 1481
List the prime factors of 5174.
2, 13, 199
What are the prime factors of 1194?
2, 3, 199
List the prime factors of 3243.
3, 23, 47
List the prime factors of 1213.
1213
List the prime factors of 8642.
2, 29, 149
What are the prime factors of 19142?
2, 17, 563
List the prime factors of 3122.
2, 7, 223
List the prime factors of 20944.
2, 7, 11, 17
What are the prime factors of 15022?
2, 7, 29, 37
List the prime factors of 23877.
3, 7, 379
List the prime factors of 558.
2, 3, 31
List the prime factors of 38399.
19, 43, 47
List the prime factors of 26404.
2, 7, 23, 41
List the prime factors of 653.
653
List the prime factors of 733.
733
What are the prime factors of 8297?
8297
List the prime factors of 13972.
2, 7, 499
List the prime factors of 3890.
2, 5, 389
List the prime factors of 106624.
2, 7, 17
List the prime factors of 1012.
2, 11, 23
List the prime factors of 43986.
2, 3, 7331
What are the prime factors of 1295?
5, 7, 37
List the prime factors of 1669.
1669
List the prime factors of 680.
2, 5, 17
What are the prime factors of 2234?
2, 1117
List the prime factors of 146.
2, 73
List the prime factors of 3992.
2, 499
List the prime factors of 15.
3, 5
What are the prime factors of 36094?
2, 18047
What are the prime factors of 1026?
2, 3, 19
What are the prime factors of 11611?
17, 683
What are the prime factors of 251?
251
List the prime factors of 13523.
13523
List the prime factors of 3896.
2, 487
What are the prime factors of 4358?
2, 2179
What are the prime factors of 3372?
2, 3, 281
List the prime factors of 25466.
2, 7, 17, 107
What are the prime factors of 360?
2, 3, 5
What are the prime factors of 116477?
269, 433
What are the prime factors of 2436?
2, 3, 7, 29
List the prime factors of 1254.
2, 3, 11, 19
List the prime factors of 846.
2, 3, 47
List the prime factors of 1286.
2, 643
List the prime factors of 10637.
11, 967
List the prime factors of 1162.
2, 7, 83
List the prime factors of 1465.
5, 293
List the prime factors of 260.
2, 5, 13
List the prime factors of 16157.
107, 151
What are the prime factors of 10442?
2, 23, 227
List the prime factors of 16550.
2, 5, 331
List the prime factors of 16820.
2, 5, 29
What are the prime factors of 1147?
31, 37
What are the prime factors of 523?
523
List the prime factors of 23140.
2, 5, 13, 89
What are the prime factors of 20207?
11, 167
What are the prime factors of 1459?
1459
What are the prime factors of 2339?
2339
What are the prime factors of 4117?
23, 179
List the prime factors of 20803.
71, 293
List the prime factors of 26749.
23, 1163
What are the prime factors of 16544?
2, 11, 47
List the prime factors of 50908.
2, 11, 13, 89
List the prime factors of 532.
2, 7, 19
What are the prime factors of 7020?
2, 3, 5, 13
List the prime factors of 14561.
14561
What are the prime factors of 6818?
2, 7, 487
List the prime factors of 1365.
3, 5, 7, 13
List the prime factors of 4592.
2, 7, 41
What are the prime factors of 1214?
2, 607
List the prime factors of 4166.
2, 2083
List the prime factors of 440.
2, 5, 11
List the prime factors of 1035.
3, 5, 23
List the prime factors of 1353.
3, 11, 41
List the prime factors of 16917.
3, 5639
What are the prime factors of 33940?
2, 5, 1697
What are the prime factors of 109?
109
What are the prime factors of 6337?
6337
What are the prime factors of 8197?
7, 1171
What are the prime factors of 6082?
2, 3041
What are the prime factors of 59571?
3, 6619
List the prime factors of 3456.
2, 3
List the prime factors of 46125.
3, 5, 41
List the prime factors of 901.
17, 53
What are the prime factors of 119574?
2, 3, 7, 13, 73
What are the prime factors of 3466?
2, 1733
What are the prime factors of 1122?
2, 3, 11, 17
What are the prime factors of 52849?
41, 1289
List the prime factors of 5718.
2, 3, 953
List the prime factors of 560.
2, 5, 7
What are the prime factors of 39446?
2, 11, 163
List the prime factors of 2577.
3, 859
List the prime factors of 1620.
2, 3, 5
List the prime factors of 26337.
3, 8779
What are the prime factors of 285?
3, 5, 19
What are the prime factors of 3091?
11, 281
List the prime factors of 6451.
6451
List the prime factors of 2967.
3, 23, 43
What are the prime factors of 809?
809
What are the prime factors of 2425?
5, 97
List the prime factors of 2.
2
What are the prime factors of 31940?
2, 5, 1597
List the prime factors of 3166.
2, 1583
What are the prime factors of 9436?
2, 7, 337
What are the prime factors of 8694?
2, 3, 7, 23
List the prime factors of 23176.
2, 2897
List the prime factors of 9699.
3, 53, 61
List the prime factors of 1516.
2, 379
What are the prime factors of 39?
3, 13
What are the prime factors of 6220?
2, 5, 311
List the prime factors of 1644.
2, 3, 137
What are the prime factors of 78448?
2, 4903
List the prime factors of 419.
419
List the prime factors of 14379.
3, 4793
List the prime factors of 3452.
2, 863
List the prime factors of 3478.
2, 37, 47
List the prime factors of 6245.
5, 1249
What are the prime factors of 10217?
17, 601
List the prime factors of 3869.
53, 73
What are the prime factors of 1350?
2, 3, 5
What are the prime factors of 81987?
3, 27329
List the prime factors of 1222.
2, 13, 47
List the prime factors of 44343.
3, 13, 379
What are the prime factors of 84761?
84761
What are the prime factors of 1466?
2, 733
What are the prime factors of 2038?
2,